e 8) to base 5
201
37 (base 8) to base 3
1011
What is -1 (base 10) in base 12?
-1
-12 (base 3) to base 10
-5
Convert -4 (base 13) to base 7.
-4
-9 (base 11) to base 12
-9
Convert -14 (base 16) to base 11.
-19
100 (base 2) to base 12
4
What is 34 (base 15) in base 3?
1211
What is 132 (base 8) in base 12?
76
What is -64 (base 10) in base 2?
-1000000
54 (base 15) to base 11
72
22 (base 8) to base 4
102
-e0 (base 15) to base 8
-322
-205 (base 9) to base 12
-11b
33 (base 9) to base 14
22
Convert -a (base 14) to base 9.
-11
104 (base 12) to base 11
125
Convert -e (base 15) to base 13.
-11
Convert 0 (base 2) to base 4.
0
What is 1 (base 8) in base 15?
1
1 (base 10) to base 4
1
101 (base 4) to base 12
15
What is 4 (base 12) in base 13?
4
10011 (base 2) to base 10
19
-1 (base 10) to base 5
-1
What is -6 (base 12) in base 11?
-6
What is -3 (base 6) in base 10?
-3
101 (base 2) to base 15
5
-2 (base 15) to base 3
-2
Convert 1 (base 9) to base 15.
1
-10010000 (base 2) to base 12
-100
Convert -1 (base 5) to base 2.
-1
-121 (base 10) to base 11
-100
Convert 11 (base 7) to base 10.
8
-1 (base 9) to base 14
-1
-10 (base 2) to base 15
-2
What is 100010 (base 2) in base 3?
1021
What is 1001 (base 3) in base 7?
40
Convert -2100 (base 3) to base 11.
-58
1b (base 12) to base 6
35
-54 (base 6) to base 14
-26
-22 (base 8) to base 5
-33
What is -138 (base 10) in base 16?
-8a
304 (base 6) to base 7
220
What is -10 (base 8) in base 3?
-22
Convert -88 (base 13) to base 7.
-220
Convert 25 (base 10) to base 7.
34
Convert 144 (base 5) to base 6.
121
-6 (base 8) to base 12
-6
-4 (base 11) to base 15
-4
3 (base 4) to base 2
11
Convert 1a0 (base 11) to base 6.
1023
What is 11 (base 5) in base 2?
110
What is 0 (base 16) in base 6?
0
Convert -70 (base 12) to base 6.
-220
-19 (base 15) to base 14
-1a
Convert 13 (base 6) to base 7.
12
What is -11030 (base 4) in base 13?
-1c7
-20 (base 13) to base 10
-26
Convert -1a (base 12) to base 5.
-42
-1 (base 9) to base 3
-1
What is 6 (base 8) in base 14?
6
What is -3 (base 16) in base 14?
-3
What is 4 (base 16) in base 12?
4
Convert -10 (base 11) to base 10.
-11
Convert 4d (base 16) to base 12.
65
Convert -22 (base 7) to base 11.
-15
Convert 28 (base 14) to base 2.
100100
Convert -124 (base 8) to base 2.
-1010100
What is -57 (base 9) in base 5?
-202
3 (base 11) to base 13
3
Convert -55 (base 7) to base 12.
-34
Convert -3 (base 10) to base 11.
-3
-4 (base 6) to base 15
-4
What is -2 (base 7) in base 16?
-2
What is -1222 (base 3) in base 10?
-53
Convert -12 (base 11) to base 8.
-15
What is -11011 (base 2) in base 9?
-30
What is -31 (base 5) in base 12?
-14
-10 (base 7) to base 12
-7
What is 14 (base 9) in base 7?
16
What is 256 (base 7) in base 8?
213
23 (base 8) to base 7
25
-4 (base 5) to base 12
-4
-10 (base 9) to base 8
-11
What is 2 (base 5) in base 7?
2
-d (base 16) to base 5
-23
-27 (base 15) to base 9
-41
What is -4 (base 11) in base 13?
-4
What is 15 (base 6) in base 14?
b
-2 (base 8) to base 4
-2
Convert 141 (base 7) to base 5.
303
What is 212 (base 4) in base 9?
42
What is 20 (base 5) in base 6?
14
What is -1 (base 7) in base 10?
-1
What is 2 (base 13) in base 8?
2
What is 1 (base 5) in base 14?
1
What is -16 (base 10) in base 12?
-14
What is 101 (base 2) in base 6?
5
What is 125 (base 10) in base 4?
1331
-111 (base 5) to base 2
-11111
1 (base 11) to base 8
1
What is 3 (base 8) in base 2?
11
-49 (base 10) to base 7
-100
What is 35 (base 13) in base 3?
1122
What is 2 (base 3) in base 12?
2
What is -d (base 15) in base 10?
-13
8 (base 11) to base 6
12
What is 3a (base 11) in base 7?
61
14 (base 7) to base 2
1011
What is -a (base 12) in base 16?
-a
What is 34 (base 6) in base 11?
20
Convert 11 (base 3) to base 7.
4
Convert -23 (base 7) to base 16.
-11
5 (base 14) to base 8
5
Convert -92 (base 14) to base 9.
-152
What is a0 (base 13) in base 9?
154
What is -1 (base 2) in base 3?
-1
Convert 33 (base 5) to base 2.
10010
-46 (base 8) to base 11
-35
Convert -4 (base 5) to base 13.
-4
-48 (base 16) to base 6
-200
Convert 7 (base 11) to base 10.
7
-31 (base 7) to base 2
-10110
-43 (base 8) to base 3
-1022
332 (base 5) to base 14
68
Convert -5 (base 10) to base 2.
-101
Convert 62 (base 8) to base 4.
302
-3 (base 13) to base 5
-3
Convert 10 (base 5) to base 7.
5
What is -4 (base 9) in base 13?
-4
7f (base 16) to base 12
a7
Convert -2a1 (base 11) to base 5.
-2403
What is 0 (base 6) in base 7?
0
-5 (base 8) to base 3
-12
Convert -3 (base 13) to base 9.
-3
Convert 141 (base 5) to base 9.
51
What is -332 (base 4) in base 10?
-62
-120 (base 3) to base 11
-14
Convert 1 (base 6) to base 4.
1
Convert 20 (base 8) to base 14.
12
What is 29 (base 10) in base 16?
1d
101 (base 3) to base 4
22
13 (base 5) to base 16
8
What is 2 (base 14) in base 10?
2
10 (base 5) to base 15
5
b3 (base 14) to base 10
157
-36 (base 7) to base 16
-1b
What is -30 (base 5) in base 4?
-33
Convert -69 (base 11) to base 3.
-2210
Convert 5 (base 14) to base 12.
5
What is -40 (base 5) in base 7?
-26
Convert -10 (base 3) to base 14.
-3
-1021 (base 3) to base 2
-100010
30 (base 6) to base 9
20
Convert 123 (base 5) to base 13.
2c
Convert 3 (base 11) to base 3.
10
Convert -524 (base 7) to base 9.
-322
Convert 40 (base 5) to base 15.
15
Convert 5 (base 13) to base 11.
5
What is -5 (base 11) in base 9?
-5
Convert -186 (base 13) to base 6.
-1143
-11222 (base 3) to base 4
-2012
Convert 5a (base 11) to base 4.
1001
Convert -112 (base 3) to base 12.
-12
What is -11 (base 3) in base 10?
-4
Convert -251 (base 9) to base 12.
-154
What is -2 (base 3) in base 2?
-10
What is 1 (base 11) in base 5?
1
What is 2 (base 11) in base 13?
2
10100101 (base 2) to base 12
119
Convert -24 (base 7) to base 15.
-13
What is 2 (base 15) in base 8?
2
What is -18 (base 11) in base 9?
-21
13 (base 13) to base 12
14
Convert 130 (base 5) to base 7.
55
Convert 34 (base 10) to base 8.
42
2 (base 8) to base 12
2
Convert 13 (base 7) to base 4.
22
Convert -7 (base 13) to base 8.
-7
What is 2 (base 5) in base 3?
2
Convert 1 (base 12) to base 13.
1
What is 15 (base 15) in base 14?
16
What is -10 (base 2) in base 12?
-2
3023 (base 4) to base 8
313
Convert -34 (base 6) to base 12.
-1a
Convert -34 (base 5) to base 6.
-31
1 (base 7) to base 14
1
-6 (base 8) to base 16
-6
Convert 40 (base 7) to base 10.
28
Convert -20 (base 5) to base 12.
-a
Convert 11000 (base 2) to base 10.
24
What is -1100 (base 4) in base 7?
-143
244 (base 10) to base 4
3310
-142 (base 10) to base 2
-10001110
92 (base 13) to base 5
434
What is 2323 (base 4) in base 8?
273
Convert -14 (base 5) to base 6.
-13
71 (base 9) to base 12
54
1 (base 3) to base 4
1
What is 10111 (base 2) in base 11?
21
4 (base 12) to base 7
4
Convert 61 (base 13) to base 12.
67
What is -30 (base 11) in base 2?
-100001
What is 154 (base 7) in base 11?
80
What is -121 (base 8) in base 2?
-1010001
-7c (base 13) to base 3
-10211
Convert -6 (base 12) to base 5.
-11
4 (base 9) to base 16
4
What is -c (base 15) in base 5?
-22
23 (base 12) to base 15
1c
-20 (base 9) to base 13
-15
Convert -64 (base 8) to base 15.
-37
What is 14 (base 13) in base 11?
16
Convert 23 (base 15) to base 7.
45
What is 2 (base 4) in base 8?
2
Convert 0 (base 11) to base 5.
0
Convert -1 (base 13) to base 11.
-1
11 (base 8) to base 14
9
What is 69 (base 10) in base 9?
76
Convert -6 (base 12) to base 2.
-110
Convert -430 (base 6) to base 14.
-b8
-1e (base 16) to base 4
-132
What is -42 (base 5) in base 4?
-112
-143 (base 9) to base 14
-88
Convert -2 (base 6) to base 3.
-2
What is -5 (base 16) in base 6?
-5
17 (base 14) to base 15
16
3 (base 16) to base 5
3
2220 (base 4) to base 11
143
Convert 3 (base 13) to base 12.
3
-34 (base 14) to base 13
-37
What is -111001 (base 2) in base 11?
-52
What is -11 (base 7) in base 15?
-8
Convert 4 (base 12) to base 5.
4
1101 (base 3) to base 13
2b
Convert -255 (base 6) to base 8.
-153
What is -10 (base 4) in base 9?
-4
-10 (base 3) to base 12
-3
Convert -2 (base 14) to base 16.
-2
Convert -2 (base 16) to base 8.
-2
What is 131 (base 4) in base 14?
21
What is -2 (base 4) in base 14?
-2
Convert 55 (base 10) to base 6.
131
Convert a0 (base 15) to base 5.
1100
Convert -30 (base 4) to base 11.
-11
What is 11 (base 2) in base 14?
3
Convert 1 (base 8) to base 6.
1
What is 5 (base 9) in base